*i = -2235, 4*v + 5*i = 5*v + 419. Let x = f - v. What are the prime factors of x?
2, 83
Let g(n) = -n**3 + 32*n**2 + 12. Let m be g(32). Suppose -m*w = -0*w - 2496. List the prime factors of w.
2, 13
Let s(i) = -i**3 + 23*i**2 - 20*i - 47. Let c be s(22). Let p be c/6*2 + -148 + 4. Let t = p - -206. What are the prime factors of t?
61
Let n = -8808 - -29976. What are the prime factors of n?
2, 3, 7
Suppose -678 = 4*l + 1610. Let d = l + 1057. What are the prime factors of d?
5, 97
Let t(q) = 166*q**2 - 13*q - 139. What are the prime factors of t(-9)?
2, 839
Let d = 8226 + -4908. List the prime factors of d.
2, 3, 7, 79
Let d = -1247 - -1800. Let f = d + -248. What are the prime factors of f?
5, 61
Let r = 4682 + 550. What are the prime factors of r?
2, 3, 109
Let u be 796/14 - (-3)/21. Suppose -l + 4*a + 1 - 9 = 0, -4*l = -3*a + 6. Suppose l = -11*p + u + 482. List the prime factors of p.
7
Let p = 41 - 37. Let i(h) = 69*h + 1. Let n be i(p). Suppose -k + n = 2*k + 5*r, -4*k + 5*r = -346. What are the prime factors of k?
89
Suppose 6*a - 32148 = -o, 5*o = -21*a + 24*a + 160839. List the prime factors of o.
2, 3, 1787
Let x(o) be the second derivative of -o**6/72 + 7*o**5/120 - 7*o**4/6 - 4*o. Let a(q) be the third derivative of x(q). What are the prime factors of a(-8)?
3, 29
Let l(b) = -87*b + 3. Let j be l(17). Let o be (-44)/(-110)*(-1 - j). Let t = -411 + o. What are the prime factors of t?
179
Let g(s) = 4*s**2 + 174*s - 20. What are the prime factors of g(-63)?
2, 2447
Suppose 683*k + 43488 = 695*k. What are the prime factors of k?
2, 3, 151
What are the prime factors of (-3958)/(-2)*(4 + -5)*-6?
2, 3, 1979
Suppose -11*g + 1080 = -12*g. Let i = -757 - g. Suppose -5*w + i = -317. What are the prime factors of w?
2
Let j(d) = 0*d**2 + 25*d - 6*d - 8*d + 71 + d**2. What are the prime factors of j(13)?
383
Let d = 19 - 18. Let q(l) be the second derivative of 29*l**3/3 - 2*l**2 + 2*l - 15. What are the prime factors of q(d)?
2, 3
Let n = 978 - -87. Let p be n/12 - (-4)/16. Let w = p + -17. List the prime factors of w.
2, 3
Let o(h) = -115*h + 25. Let u be o(-8). What are the prime factors of (-4)/18*-1 - (-884310)/u?
2, 3, 13
List the prime factors of 88074/35 - 26/65.
2, 17, 37
Suppose 127656 = 4*t + 2*b, 55*b = 3*t + 59*b - 95757. List the prime factors of t.
3, 11, 967
Let j(i) = -197*i - 78. Let u be j(-6). Suppose 2*f - 4*c = 6*f - 2160, -2*f + 4*c = -u. What are the prime factors of f?
2, 17
Let d(m) = m**3 + 13*m**2 + 25*m - 24. Let t be d(-13). Let q = t - -571. What are the prime factors of q?
2, 3, 37
Let g = -1061 - -1791. List the prime factors of g.
2, 5, 73
Let n(x) = -6*x**2 - 8*x + 2. Let m be n(-4). Let h(o) = 115*o - 4. Let r be h(1). Let l = r + m. List the prime factors of l.
7
Let w be (13/(-26))/((-2)/12*1). Suppose 4*j - 724 = -t + 911, -w*t + 4915 = 2*j. What are the prime factors of t?
11, 149
Let o be (3/(-6))/(9/(-540)). Let i be o/14 + (-5)/35. Suppose 5*k - 3*l - 100 = -5*l, -4*k + 80 = i*l. What are the prime factors of k?
2, 5
Let m = 64 + -37. Suppose -m*c + 7469 = -7003. What are the prime factors of c?
2, 67
Let t(c) = 50*c**2 - 6*c - 41. List the prime factors of t(-13).
3, 23, 41
Suppose -5*x - 624 = -4*j + 1073, -3*j = x - 1249. Let k = 1008 - j. What are the prime factors of k?
2, 5, 59
Suppose 69*d - 72*d - 9 = 0. Let u be 226*5/(10/7) + d. Suppose -9*n + 4*n + v = -1309, -2*v + u = 3*n. What are the prime factors of n?
2, 131
What are the prime factors of ((-84)/(-126))/((-6)/(-74907))?
7, 29, 41
Let v(c) = 55*c**3 - c**2 + c. Suppose 0*o = 4*o + 16, 0 = u - 5*o - 21. List the prime factors of v(u).
5, 11
Suppose -g - x + 6831 = 0, -201*x = 2*g - 196*x - 13662. List the prime factors of g.
3, 11, 23
What are the prime factors of (-110)/5*((-55568)/16)/1?
2, 11, 23, 151
Let b be 0 + (6 - 4 - 1). Suppose 0 = 3*p + 3 + 3. What are the prime factors of (-106)/p + 1 + (2 - b)?
5, 11
Suppose -21*x + 23305 = -4205. What are the prime factors of x?
2, 5, 131
Suppose 196*h = 244*h - 207120. What are the prime factors of h?
5, 863
Let y(a) = -140*a**3 + 2*a**2 - 40*a - 169. What are the prime factors of y(-4)?
13, 691
Suppose -3*z + 4*f + 32701 = 10998, -7233 = -z + 2*f. List the prime factors of z.
7237
Suppose 70 - 38 = 4*r. Let t be (-3)/12 + (1 - (-354)/r). List the prime factors of (0 - 10/6)*(-270)/t.
2, 5
Let w = -3637 - -25120. What are the prime factors of w?
3, 7, 11, 31
Suppose -2*o - 6*b = -5*b + 3, -4*b - 12 = 0. Suppose o = -2*f - 2*s + 14, 3*f + 40 = 7*f + s. List the prime factors of f.
11
Let c(i) = -212*i - 16. Let b(k) = 2545*k + 195. Let h(g) = 6*b(g) + 75*c(g). What are the prime factors of h(-1)?
2, 3, 5
Let o(d) = -77*d - 23. Let y(q) = -70*q - 23. Let l(v) = 7*o(v) - 6*y(v). What are the prime factors of l(-2)?
5, 43
Suppose -204*n = -900*n + 38749388 - 4080236. What are the prime factors of n?
2, 3, 7, 593
Suppose -4*z + 5*p + 35 = 0, -44 + 7 = -5*z + 4*p. Suppose -2*n + 1978 = z*o, 0 = -5*o - 10 - 10. List the prime factors of n.
3, 37
Suppose -6857 = -44*x + 52059. What are the prime factors of x?
13, 103
Suppose -q - 7*b + 2721 + 24751 = 0, -5*q + 137120 = 5*b. List the prime factors of q.
2, 23, 149
Suppose t = -3*u + u + 6, 0 = 4*t - 2*u - 4. Suppose t*l - 10 = -2*g, -6*g + 4*g = -3*l + 10. Suppose -g = 2*z - 11. List the prime factors of z.
5
Let n(y) = y + 1. Let p(d) = 14*d - 15. Let m(b) = 5*n(b) - p(b). Let u be m(-9). Let s = -11 + u. What are the prime factors of s?
2, 3, 5
What are the prime factors of -5 + 1 - 4732/6*-3?
2, 1181
Let f(v) = v**3 - 6*v - 7. Let r be f(-2). Let d(j) = -j**3 - 3*j**2 + 4. Let b be d(r). Suppose b*k - 268 = -0*k. What are the prime factors of k?
67
Suppose 3*m + 5*u = 925, 68*u = -2*m + 69*u + 634. List the prime factors of m.
3, 5, 7
Suppose 3*r - 1858 = r. Suppose 0 = -4*z + 575 + r. Suppose -2*m - 2*m + z = 4*u, 168 = 2*m - 3*u. List the prime factors of m.
2, 3, 5
Suppose -c + 565 = 4*c. Let q be 2/(-2*(3 - 1524/507)). Let h = q - c. What are the prime factors of h?
2, 7
Suppose -4*i = -2*w + 91062, -2*w + 227*i = 225*i - 91050. What are the prime factors of w?
3, 15173
Suppose -338636 - 923549 = -41*o. List the prime factors of o.
5, 47, 131
Let p(z) = 14*z**2 + 91*z - 379. List the prime factors of p(-48).
27509
Suppose 0 = 5*k - h - 22, 0*k = 4*k - 5*h - 5. Let p(m) = 8 - m**2 - k + 5 + 2*m**2. What are the prime factors of p(10)?
2, 3
Let l = -7162 + 15349. What are the prime factors of l?
3, 2729
Let l(d) = -18*d + 215. Let k be l(12). Let f(y) = -9*y**3 + y**2 + 4*y + 3. List the prime factors of f(k).
3
Let o(l) = -l**3 + l**2 + 3*l + 4. Let j be o(3). Let z(q) = -320*q + 939. Let a be z(3). What are the prime factors of ((0 + j)*17)/(a/42)?
2, 5, 17
Let h(u) = -6*u**2 - 3*u + 3. Let b be h(-2). Let s be (-4010)/b*((-45)/6)/(-5). Suppose s + 16 = 3*d. What are the prime factors of d?
139
Suppose 0 = g + q - 34 + 3, 74 = 2*g - 4*q. Suppose d + 4*o + 11 = -0*o, -2*d = -3*o + g. Let x = d - -32. List the prime factors of x.
17
Let v = -351 + 351. Suppose 5*m + y + 680 = 7*m, v = y. List the prime factors of m.
2, 5, 17
Let g = -365 - -382. Let o(n) = 27*n + 133. What are the prime factors of o(g)?
2, 37
Suppose -32615 = -5*t + 2*v, -10977 = -2*t - v + 2060. What are the prime factors of t?
6521
Let v be 0/1 - (-40)/(-1 - -9). Suppose -h - v*a + 5 + 303 = 0, 5*h - 3*a = 1512. What are the prime factors of h?
3, 101
Let r = -80 - -77. List the prime factors of 41/(-2)*(0 - r)*-6.
3, 41
Let m(c) = -2*c + 1 + 5*c + 23*c**2 - 2 + 25*c**2. Let b(d) = d**3 + 3*d**2 - 1. Let w be b(-1). List the prime factors of m(w).
2, 5
Let r = 61711 + -29928. What are the prime factors of r?
37, 859
Let d = 12057 + -8196. List the prime factors of d.
3, 11, 13
Suppose 358*l - 5 = 359*l. What are the prime factors of (12/l)/((-26)/1495)?
2, 3, 23
Suppose -2*j - 4*h + 106 = 0, 2*j - 4*h = j + 35. Let z(d) = -27*d + j*d - 38 - 22*d. What are the prime factors of z(-21)?
2
Suppose 1580 = -5*r - 3*t, -653 = -0*r + 2*r - 3*t. Let v = r + 1141. List the prime factors of v.
2, 3, 137
Let h(q) = 248*q + 4160. What are the prime factors of h(91)?
2, 13, 257
Let h(f) = -f**2 + 11*f + 14. Suppose -71 = -6*g + 1. What are the prime factors of h(g)?
2
Suppose 3*l + 